 (2 + 0))
5
What is the value of -3 - -7 - (10 - 1)?
-5
Calculate (-9 - (-7 - 9)) + -11.
-4
What is the value of (-12 - ((1 - 1) + -5)) + -1?
-8
Evaluate -4 + (-1 - 1 - -1).
-5
Calculate (3 + -1 - 4) + 4.
2
2 + 0 - (1 - (-3 + 7))
5
What is -1 - (1 + -8 - 0)?
6
Calculate 4 - ((-8 - -10) + 7 + -1).
-4
Evaluate (21 - 27) + 0 + (14 - 2).
6
13 - (10 + -8) - 17
-6
2 - (-2 + 7 + 0 + 0)
-3
Calculate (-10 - (-4 - -1)) + -1.
-8
(3 - -1) + (-4 - 3)
-3
Calculate 0 + 5 + (-5 + 0 - 3).
-3
4 - ((5 - 0) + 1)
-2
4 + (-4 - -2) - (4 + 1)
-3
Calculate 43 + -49 - (-5 + 3 + -2).
-2
What is -3 + (-2 - -6) - (-33 + 33)?
1
-3 - (-4 + (4 - 2) + 3)
-4
What is the value of (2 - 4) + -1 - (-1 - 2)?
0
What is the value of 2 - -8 - (8 + -3)?
5
1 + -1 + -2 - (-60 + 61)
-3
What is 6 + -12 + -2 + 10?
2
Evaluate 2 - -9 - 8 - 11.
-8
Evaluate (0 - 1 - -2) + 1 + 0.
2
What is -2 + -1 + -4 + 2 + 4?
-1
Evaluate (3 - 6 - 6) + (-3 - -4).
-8
What is the value of 0 - (-2 + -1) - -2 - 0?
5
What is 4 - (5 - 8 - (-4 - 1))?
2
What is 7 - 7 - (-1 - (1 - -3))?
5
What is -14 - (-2 + (2 + 1 - 5))?
-10
What is the value of -1 - -9 - (-3 + -5 + 14)?
2
What is the value of -1 + 5 - (-3 - -2)?
5
Evaluate 7 - 8 - (-2 + 3 - 3).
1
Calculate -3 + 0 + -4 - 1.
-8
Evaluate 3 - (10 + -15 - (1 + -3)).
6
1 - (1 - 6 - -2)
4
What is the value of 2 + -1 - (1 - 2)?
2
-2 + -4 + 1 + 1 + 3
-1
What is the value of -1 + 4 + (4 - 2 - -1)?
6
-3 - 0 - (3 + 1 + -2)
-5
Calculate (-22 - -37) + -13 - (3 - 0).
-1
Evaluate (-4 - -3) + 2 - -5 - 3.
3
Evaluate -8 + 4 + 1 + -2 + 6.
1
What is the value of (0 - (-10 - -5)) + 0 + -6?
-1
Calculate (-7 - (-8 + 4)) + 8.
5
Calculate -6 + 0 + (-10 - -19).
3
Evaluate 0 - -2 - -2 - -1.
5
What is (12 - 9) + -2 + -5?
-4
Evaluate -5 + 2 + 7 + (1 - -2).
7
Calculate 5 - 5 - (-2 + -1 + -2).
5
What is the value of (6 - (1 + 0)) + -1 + 0?
4
What is 1 - (-3 + 1 + 2)?
1
Calculate -20 + 20 + (1 - 2) + 4.
3
(-9 - (-5 - -2)) + 10
4
What is the value of -3 + (-8 - 1) - -7?
-5
What is (-93 - -91) + (4 - -2 - -2)?
6
(-5 - (10 + -10)) + 13
8
Calculate -5 + 0 + (-26 - -30).
-1
Calculate (48 - 54) + -1 + 6.
-1
What is -421 + 413 - (-5 - (1 + 0))?
-2
Calculate -15 - -16 - (3 + 1).
-3
(-5 - -3) + 5 - (0 - -3)
0
(2 - 8) + (2 - 4 - 0)
-8
What is 4 + -10 - (0 - (3 - -1))?
-2
-8 - (-5 + -3 + (-1 - -6))
-5
What is the value of (-8 - -1) + (0 - 1) + 3?
-5
What is -2 + (-7 - (-16 - -5))?
2
What is the value of -15 + 39 + -14 - (0 - -6)?
4
Calculate 12 + (10 - 9) - 11.
2
What is 3 - 4 - (-1 + 2)?
-2
What is the value of 0 + 5 + (1 - 3)?
3
-1 + (18 - 11) + 1
7
Calculate (4 - (9 + -11)) + -11.
-5
Evaluate -2 + 0 - (12 - 12).
-2
Evaluate 1 + 1 - (-12 + 4 - -5).
5
Calculate (-1 + 6 - 2) + -7.
-4
Calculate -6 + (-6 - -7) + (0 - -9).
4
Calculate (1 - (0 + 7)) + (2 - -4).
0
What is 6 + (-4 - (-1 + 2 + 3))?
-2
What is the value of 6 - (3 - (6 - 9))?
0
What is 0 + -3 + 2 + 0 + 2?
1
Evaluate -4 - -10 - (2 + 1).
3
-2 + (4 - 4) + 2
0
Calculate -10 + 11 + 3 + -9.
-5
Evaluate (1 - (12 + -10)) + (-6 - -2).
-5
Calculate (-2 - 0) + (-7 - -11) + 6.
8
What is the value of -6 - -5 - 0 - (-4 - 2)?
5
Evaluate (-12 - (-16 - 2)) + (-3 - -2).
5
What is the value of -5 + (1 - 0) - (-8 + 3)?
1
What is 2 + 4 + (-3 - 2) + 4?
5
Calculate -6 + 0 - -6 - (-1 - -2).
-1
11 + -6 + 6 + 3 + -9
5
-10 + -2 + 2 - -4
-6
What is -5 + (1 - -8 - 7)?
-3
Calculate -2 + (10 - 7 - -2).
3
What is 5 + -5 + 1 + 1 + 0?
2
Evaluate -1 - ((-1 + 0 - 2) + 6).
-4
Evaluate 7 - (-1 - (-6 + 0 + -1)).
1
What is 0 + -2 + (-2 - -1)?
-3
What is the value of -7 - (4 + -6 + -11) - -1?
7
9 - (3 - -12 - 3)
-3
5 + -1 + -17 + -2 + 19
4
What is the value of -9 - (1 + -6 + 0)?
-4
What is -4 + (-2 - 1 - (4 + -5))?
-6
Calculate 9 - ((-1 - (5 - 6)) + 6).
3
Calculate -2 + -13 + 6 - 0.
-9
Calculate (2 - -2) + 0 + -4.
0
What is the value of -2 + (-4 - -1) + 5?
0
Evaluate -1 - ((0 - -4) + -3).
-2
2 - 2 - (4 + -14 - -10)
0
What is 1 - (6 - (5 - 2))?
-2
What is 16 - (13 - (-11 - -16))?
8
3 + (5 - (5 - (-1 + 2)))
4
What is 8 + (-4 - (2 + -1 + -2))?
5
Calculate 1 + 2 + (5 - 7) + 0.
1
Calculate -2 + 3 + (-1 - (-4 - -8)).
-4
Calculate 6 - 2 - (16 + -14) - 5.
-3
Evaluate 6 + -13 + 5 - 3.
-5
What is the value of -3 + (-2 - -5) + -1 - 0?
-1
Evaluate (-6 - -3) + (-10 + 5 - -2).
-6
What is the value of 0 - (4 - 2 - (-4 - -8))?
2
What is -14 + 16 + -1 + -9?
-8
Evaluate (-4 - (-2 + -3)) + -1 + -3.
-3
What is (-2 - (-2 + 0)) + -1 + -3?
-4
What is (-3 - (-4 + -3 + 2)) + 1?
3
What is the value of -17 + (0 - 0 - -6) - -8?
-3
What is ((0 - -4) + -10 - 3) + 11?
2
Evaluate -5 - ((-13 - -11) + -1).
-2
-6 + 25 + -12 + 2 + -3
6
Evaluate 0 - (-1 - 7) - (7 - 3).
4
Calculate -6 + 12 + -1 + (3 - 1).
7
Calculate -1 + (4 - (-3 + 6)).
0
Evaluate (-3 - 1 - -3) + (0 - 0).
-1
What is the value of 6 - 3 - (1 - 1) - 1?
2
What is the value of 8 + 3 + 6 + -10?
7
Calculate -4 + -3 + 1 + 5.
-1
Calculate -1 - -9 - (-2 + 4).
6
Evaluate 3 + -3 + 4 - 0.
4
2 + (-1 + -4 - (6 - 13))
4
Evaluate -7 + (1 - -1 - -4).
-1
What is the value of -5 + (0 - -6 - 4) - 2?
-5
-1 + 8 + -5 + (2 - 1)
3
Calculate (1 - (2 - -2)) + -17 + 22.
2
Calculate (-32 - (12 + -25)) + 13.
-6
Evaluate -4 - (8 - (25 + -8)).
5
Evaluate (1 - 0) + (-9 - (-4 + 2)).
-6
Evaluate 9 - (0 + 2) - 5.
2
(-2 - 0) + 3 + 9 + -13
-3
What is the value of 3 + (4 - 1) + -2?
4
Evaluate 5 - (-2 - (-5 + 3 + -5)).
0
What is (0 + -2 - 0) + 2?
0
Evaluate 0 + 3 - (-5 + (4 - -1)).
3
Calculate 2 - (-2 + (-4 - -1 - -5)).
2
-7 - -5 - 3 - 1 - -1
-5
Evaluate 16 - ((1 - 9) + 18).
6
Calculate -6 - (-3 - (-2 + 1)).
-4
Evaluate -8 - (6 + -10) - -7.
3
What is 0 + 4 - (0 - -8)?
-4
Calculate -3 + 0 + (-2 - -8).
3
Calculate -7 + (-2 - -2) + -7 + 7.
-7
What is (-2 - -2) + -26 + 29?
3
What is the value of -4 + (-3 + 6 - 0) + 4?
3
What is the value of 7 - 6 - -6 - 8?
-1
What is the value of 0 - -1 - (6 - 6)?
1
What is -11 - (-6 + 7 - 3) - -5?
-4
What is 2 + -1 + 1 + -10 + 3?
-5
What is the value of (-3 - -4) + (7 - 9)?
-1
What is the value of (5 - 1) + -9 + 2 + 4?
1
Evaluate -6 - (2 + 3 + 1 + -4).
-8
What is the value of 7 - (2 + (-2 - -3 - 1))?
5
What is the value of 1 + -2 + -3 + -3 + 5?
-2
What is (-7 - -2) + (13 - 9)?
-1
Calculate (-8 - -16 - 6) + -8.
-6
What is (-3 - (2 + -7)) + 0?
2
Evaluate -2 - -3 - (3 + (4 - 2)).
-4
What is the value of (47 - 55) + 1 + 0?
-7
What is (13 - -3) + -11 + 2?
7
What is the value of -1 + 5 + -7 + 5?
2
What is (1 - -9) + -15 - (0 - 1)?
-4
Evaluate -3 + -9 + 6 + 3.
-3
-2 - -7 - (1 + (1 - 2))
5
What is the value of -1 + (4 - (15 + -7))?
-5
Calculate 7 - (1 - (5 + -10)).
1
What is the value of 9 + -2 + 0 - (-49 - -47)?
9
Calculate 1 - 2 - -5 - (-41 + 43).
2
What is 1 - (-2 - (5 - 3))?
5
Calculate -1 + (1 - 4) - (3 - 1).
-6
What is the value of -6 - (6 - (1 - -14))?
3
What is the value of 0 + (-1 - (-2 + 1 + -1))?
1
Evaluate -106 + 111 - (2 + -1).
4
What is the value of (-4 + 12 - 0) + 0?
8
Evaluate (7 - 1 - -1) + -10.
-3
-1 + 5 - (-2 + 9)
-3
Calculate (28 - 12 - 13) + 2 + -1.
4
What is the value of -15 - -16 - (-2 + 5)?
-2
What is the value of 2 + 2 + (-14 - -8)?
-2
What is the value of 6 + -1 - (25 + -14)?
-6
-3 - (5 - 7 - 6)
5
Evaluate 0 + (-2 + 6 - (-2 - -5)).
1
Evaluate (-4 - -3 - -2) + 0.
1
Calculate (4 - 8) + -3 + 0 + 3.
-4
What is the value of -2 + -4 + -1 + 2?
-5
-8 - -5 - (3 + -2 + 2)
-6
Evaluate 12 + -17 - 7 - -5.
-7
Calculate -2 + -4 + 4 + -9 + 5.
-6
Evaluate (1 - 2) + (-4 - -2).
-3
7 - (15 - -1) - -16
7
0 - (5 - (7 + 7))
9
What is 0 - -12 - (48 - 35)?
-1
Evaluate 9 - (6 - 4) - 6.
1
What is (3 - -2) + -8 - -5?
2
Evaluate -2 + 3 + 2 + -2.
1
Calculate (8 - -1) + -13 + 12.
8
(7 + -1 - (19 + -6)) + 2
-5
What is 3 - (1 - -2) - (4 + 1)?
-5
Calculate 0 + (-1 - 1) - -7.
5
Calculate (-7 - -8) + -4 + -1.
-4
Evaluate -2 + (3 - -3) + (2 - 2).
4
What is the value of -47 + 43 - (-1 + 2)?
-5
-5 + (-2 - -2) + (-7 - -8)
-4
Evaluate (-5 - (-6 + 4)) + (2 - -1).
0
What is the value of 3 - ((-9 - -14) + -4)?
2
Calculate -7 - (2 + -8) - (1 - -3).
-5
Calculate -2 - (0 - 2) - (-2 + -1).
3
What is the value of 45 + -43 - (-2 + 0 + 2)?
2
What is the value of 6 + -9 + (-1 - -7)?
3
Calculate (8 - 10) + -3 + 0 + 1.
-4
Calculate -4 - (-2 - 2 - (4 - 10)).
-6
(-2 - 9 - -5) + 6 + -1
-1
Evaluate 2 + (4 - 6 - 5).
-5
6 + -10 - 3 - -12
5
What is the value of -4 - -3 - (-6 - 1)?
6
Calculate 2 + 2 + (4 + 3 - 